 90258.
294
What is the highest common factor of 504 and 18396?
252
What is the greatest common factor of 25220102 and 215?
43
Calculate the highest common divisor of 159712 and 1180046.
434
What is the highest common factor of 9457212 and 138396?
228
Calculate the highest common factor of 2086881 and 10.
1
Calculate the greatest common divisor of 1818 and 1444603.
101
Calculate the highest common factor of 3614450 and 30.
10
Calculate the greatest common divisor of 474740225 and 70819.
10117
What is the highest common factor of 192 and 131591472?
48
What is the greatest common factor of 10676 and 56200976?
628
What is the highest common factor of 5626864 and 408?
136
Calculate the highest common factor of 533625 and 2747813.
1423
Calculate the greatest common factor of 156974870 and 30.
10
Calculate the greatest common divisor of 396 and 342760.
44
What is the highest common divisor of 316536 and 13192?
8
Calculate the highest common divisor of 499467 and 144159.
87
What is the highest common divisor of 61447 and 5042941?
1429
What is the highest common divisor of 9514030 and 5800?
290
What is the greatest common factor of 1081166 and 646?
34
Calculate the greatest common factor of 36 and 31744080.
36
What is the greatest common divisor of 944 and 24574444?
236
What is the greatest common divisor of 14050 and 72200?
50
Calculate the highest common divisor of 597768 and 394.
2
Calculate the greatest common divisor of 736 and 8400589.
23
Calculate the highest common divisor of 14124 and 819852.
132
Calculate the greatest common factor of 1550 and 11966.
62
What is the highest common divisor of 491538 and 488?
122
Calculate the highest common factor of 916 and 25736852.
916
Calculate the greatest common divisor of 4096 and 5188096.
512
Calculate the greatest common divisor of 25124777 and 1070.
107
What is the highest common divisor of 1325540 and 478860?
6940
What is the highest common factor of 12355460 and 1170?
130
Calculate the greatest common factor of 176055 and 54805.
485
What is the highest common divisor of 3180 and 1217660?
20
What is the greatest common divisor of 458985 and 27195?
555
Calculate the greatest common divisor of 137725 and 525.
175
What is the highest common divisor of 2873 and 195793?
13
Calculate the greatest common factor of 14844887 and 669.
223
Calculate the greatest common factor of 238 and 14718804.
34
What is the highest common divisor of 174146 and 655130?
98
What is the greatest common factor of 20 and 57117020?
20
What is the highest common factor of 24882 and 10205767?
4147
Calculate the highest common factor of 4898724 and 3312.
276
Calculate the greatest common divisor of 18912378 and 24.
6
Calculate the greatest common factor of 23660706 and 12.
6
What is the highest common factor of 12912044 and 4792?
2396
What is the highest common factor of 615940 and 4600?
460
What is the greatest common divisor of 2497 and 126325727?
2497
What is the highest common factor of 1125 and 188997625?
125
What is the highest common factor of 5378044 and 34132?
644
What is the highest common factor of 517 and 7673831?
517
What is the highest common divisor of 33839432 and 44?
44
What is the greatest common factor of 124061435 and 235?
235
Calculate the greatest common factor of 165731865 and 780.
195
Calculate the highest common factor of 735 and 19812.
3
What is the greatest common factor of 285 and 1447458?
57
Calculate the greatest common divisor of 304869469 and 27559.
3937
What is the highest common divisor of 1152 and 207619776?
576
Calculate the highest common factor of 970 and 98080.
10
What is the greatest common divisor of 3841136 and 4012?
236
What is the highest common divisor of 301 and 68863339?
43
Calculate the greatest common divisor of 6480868 and 4.
4
What is the highest common factor of 17996104 and 280?
56
What is the greatest common divisor of 73218 and 78?
6
What is the greatest common divisor of 177 and 23487369?
177
Calculate the greatest common factor of 9374314 and 1105628.
11762
What is the greatest common divisor of 114126367 and 139?
139
Calculate the highest common factor of 446604 and 156.
12
Calculate the highest common factor of 56096 and 475063.
1753
Calculate the highest common divisor of 25039956 and 636.
636
What is the highest common factor of 188 and 14190898?
94
What is the greatest common divisor of 14696633 and 399?
133
What is the highest common divisor of 520 and 416?
104
What is the greatest common divisor of 8568 and 8566929?
1071
What is the highest common factor of 2305770 and 30?
30
Calculate the greatest common factor of 6 and 135868.
2
Calculate the greatest common divisor of 66364 and 799.
47
What is the greatest common divisor of 1020 and 5411576?
68
Calculate the highest common factor of 978355 and 238.
7
Calculate the greatest common factor of 36316479 and 6.
3
What is the highest common divisor of 2712919 and 6325?
253
Calculate the greatest common divisor of 77 and 913381.
7
Calculate the greatest common factor of 224169 and 559317.
33
What is the greatest common factor of 16110 and 167655?
15
Calculate the highest common factor of 5316 and 361682034.
2658
Calculate the greatest common divisor of 33557 and 19838023.
1459
What is the highest common divisor of 256 and 121640?
8
What is the highest common factor of 1813 and 738087?
49
What is the greatest common factor of 60130 and 369110?
70
What is the greatest common factor of 3878863 and 5405?
47
What is the highest common factor of 14620 and 4831060?
340
Calculate the highest common factor of 80 and 197665910.
10
Calculate the greatest common factor of 53073204 and 1788.
1788
What is the greatest common factor of 5489442 and 28861?
133
Calculate the highest common factor of 416869 and 21568.
337
Calculate the greatest common factor of 163014442 and 82.
82
Calculate the greatest common divisor of 146 and 882116743.
73
What is the greatest common divisor of 21775 and 7589023?
871
Calculate the highest common divisor of 32938 and 21500.
86
What is the greatest common divisor of 50716 and 300948?
124
Calculate the highest common divisor of 11823 and 354648.
21
Calculate the greatest common factor of 74795455 and 1484.
371
What is the greatest common factor of 189 and 393733602?
27
Calculate the highest common divisor of 2148601 and 449722.
637
Calculate the highest common divisor of 608467 and 83.
1
Calculate the highest common divisor of 8413569 and 123.
123
What is the greatest common divisor of 131856 and 480256?
1072
Calculate the greatest common factor of 363265 and 120183.
679
Calculate the highest common divisor of 432936 and 44316.
36
Calculate the highest common divisor of 9810 and 201870.
90
Calculate the greatest common divisor of 9895 and 2911109.
1979
Calculate the highest common divisor of 1669956 and 8242.
634
What is the greatest common factor of 147 and 2685114?
3
What is the highest common divisor of 135 and 1024665?
15
What is the greatest common factor of 316985417 and 2261?
2261
Calculate the greatest common divisor of 39039 and 279895.
77
What is the highest common divisor of 1100 and 1607900?
100
What is the highest common divisor of 738 and 7934074?
82
Calculate the highest common factor of 615 and 3607995.
15
Calculate the greatest common factor of 140668439 and 538.
269
Calculate the greatest common divisor of 496512 and 8496.
144
What is the highest common divisor of 8146485 and 410895?
1035
What is the highest common factor of 264019 and 7?
7
What is the greatest common factor of 53256767 and 34?
17
Calculate the greatest common divisor of 8786457 and 118944.
531
Calculate the highest common divisor of 899 and 1152502717.
899
What is the highest common factor of 710 and 14445944?
142
Calculate the greatest common factor of 1650 and 1397911350.
1650
Calculate the greatest common factor of 510 and 472086750.
30
Calculate the greatest common factor of 664979 and 556493.
2009
Calculate the greatest common divisor of 13706 and 1728914.
1958
What is the greatest common divisor of 1798 and 3850?
2
What is the highest common factor of 8847252 and 2808?
108
Calculate the greatest common divisor of 4461 and 19061853.
4461
What is the greatest common divisor of 5238164 and 4588?
148
Calculate the gr